{"id":588,"date":"2024-02-27T23:42:52","date_gmt":"2024-02-27T21:42:52","guid":{"rendered":"https:\/\/www.neicut.com\/?page_id=588"},"modified":"2024-02-27T23:42:52","modified_gmt":"2024-02-27T21:42:52","slug":"vocea-clientului","status":"publish","type":"page","link":"https:\/\/www.neicut.com\/index.php\/vocea-clientului\/","title":{"rendered":"Vocea Clientului"},"content":{"rendered":"\n<div class=\"wpcf7 no-js\" id=\"wpcf7-f587-o1\" lang=\"ro-RO\" dir=\"ltr\" data-wpcf7-id=\"587\">\n<div class=\"screen-reader-response\"><p role=\"status\" aria-live=\"polite\" aria-atomic=\"true\"><\/p> <ul><\/ul><\/div>\n<form action=\"\/index.php\/wp-json\/wp\/v2\/pages\/588#wpcf7-f587-o1\" method=\"post\" class=\"wpcf7-form init\" aria-label=\"Formular de contact\" novalidate=\"novalidate\" data-status=\"init\">\n<fieldset class=\"hidden-fields-container\"><input type=\"hidden\" name=\"_wpcf7\" value=\"587\" \/><input type=\"hidden\" name=\"_wpcf7_version\" value=\"6.1.5\" \/><input type=\"hidden\" name=\"_wpcf7_locale\" value=\"ro_RO\" \/><input type=\"hidden\" name=\"_wpcf7_unit_tag\" value=\"wpcf7-f587-o1\" \/><input type=\"hidden\" name=\"_wpcf7_container_post\" value=\"0\" \/><input type=\"hidden\" name=\"_wpcf7_posted_data_hash\" value=\"\" \/>\n<\/fieldset>\n<p><label> Numele dumneavoastr\u0103<br \/>\n<span class=\"wpcf7-form-control-wrap\" data-name=\"your-name\"><input size=\"40\" maxlength=\"400\" class=\"wpcf7-form-control wpcf7-text wpcf7-validates-as-required\" autocomplete=\"name\" aria-required=\"true\" aria-invalid=\"false\" value=\"\" type=\"text\" name=\"your-name\" \/><\/span> <\/label>\n<\/p>\n<p><label> Adresa dumneavoastr\u0103 de email<br \/>\n<span class=\"wpcf7-form-control-wrap\" data-name=\"your-email\"><input size=\"40\" maxlength=\"400\" class=\"wpcf7-form-control wpcf7-email wpcf7-validates-as-required wpcf7-text wpcf7-validates-as-email\" autocomplete=\"email\" aria-required=\"true\" aria-invalid=\"false\" value=\"\" type=\"email\" name=\"your-email\" \/><\/span> <\/label>\n<\/p>\n<p><label> Telefon<br \/>\n<span class=\"wpcf7-form-control-wrap\" data-name=\"your-telefon\"><input size=\"40\" maxlength=\"400\" class=\"wpcf7-form-control wpcf7-email wpcf7-validates-as-required wpcf7-text wpcf7-validates-as-email\" autocomplete=\"telefon\" aria-required=\"true\" aria-invalid=\"false\" value=\"\" type=\"email\" name=\"your-telefon\" \/><\/span> <\/label>\n<\/p>\n<p><label> 1. \u00cen primul r\u00e2nd vrem s\u0103 \u0219tim c\u00e2t sunte\u021bi de satisf\u0103cut de \u00eentreaga interac\u021biune avut\u0103 cu\u00a0societatea noastr\u0103:<\/label><br \/>\n<span class=\"wpcf7-form-control-wrap\" data-name=\"checkbox-1\"><span class=\"wpcf7-form-control wpcf7-checkbox wpcf7-validates-as-required\"><span class=\"wpcf7-list-item first\"><label><input type=\"checkbox\" name=\"checkbox-1[]\" value=\"Foarte Mul\u021bumit\" \/><span class=\"wpcf7-list-item-label\">Foarte Mul\u021bumit<\/span><\/label><\/span><span class=\"wpcf7-list-item\"><label><input type=\"checkbox\" name=\"checkbox-1[]\" value=\"Mul\u021bumit\" \/><span class=\"wpcf7-list-item-label\">Mul\u021bumit<\/span><\/label><\/span><span class=\"wpcf7-list-item\"><label><input type=\"checkbox\" name=\"checkbox-1[]\" value=\"Satisf\u0103cator\" \/><span class=\"wpcf7-list-item-label\">Satisf\u0103cator<\/span><\/label><\/span><span class=\"wpcf7-list-item last\"><label><input type=\"checkbox\" name=\"checkbox-1[]\" value=\"Foarte Nemul\u021btumit\" \/><span class=\"wpcf7-list-item-label\">Foarte Nemul\u021btumit<\/span><\/label><\/span><\/span><\/span>\n<\/p>\n<p><label> 2. Calitatea serviciilor furnizate de societatea noastr\u0103 este :<\/label><br \/>\n<span class=\"wpcf7-form-control-wrap\" data-name=\"checkbox-2\"><span class=\"wpcf7-form-control wpcf7-checkbox wpcf7-validates-as-required\"><span class=\"wpcf7-list-item first\"><label><input type=\"checkbox\" name=\"checkbox-2[]\" value=\"Foarte Bun\u0103\" \/><span class=\"wpcf7-list-item-label\">Foarte Bun\u0103<\/span><\/label><\/span><span class=\"wpcf7-list-item\"><label><input type=\"checkbox\" name=\"checkbox-2[]\" value=\"Bun\u0103\" \/><span class=\"wpcf7-list-item-label\">Bun\u0103<\/span><\/label><\/span><span class=\"wpcf7-list-item\"><label><input type=\"checkbox\" name=\"checkbox-2[]\" value=\"Satisf\u0103c\u0103toare\" \/><span class=\"wpcf7-list-item-label\">Satisf\u0103c\u0103toare<\/span><\/label><\/span><span class=\"wpcf7-list-item last\"><label><input type=\"checkbox\" name=\"checkbox-2[]\" value=\"Nesatisf\u0103c\u0103toare\" \/><span class=\"wpcf7-list-item-label\">Nesatisf\u0103c\u0103toare<\/span><\/label><\/span><\/span><\/span><br \/>\n<label> \u00cen cazul calita\u021bii Nesatisf\u0103c\u0103toare ne pute\u021bi oferi detalii:<br \/>\n<span class=\"wpcf7-form-control-wrap\" data-name=\"your-subject\"><input size=\"40\" maxlength=\"400\" class=\"wpcf7-form-control wpcf7-text\" aria-invalid=\"false\" value=\"\" type=\"text\" name=\"your-subject\" \/><\/span> <\/label>\n<\/p>\n<p><label> 3. Ave\u021bi sugestii referitoare la modul de \u00eembunat\u0103\u021bire a activita\u021bii societ\u0103\u021bii noastre ?<\/label><br \/>\n<span class=\"wpcf7-form-control-wrap\" data-name=\"checkbox-3\"><span class=\"wpcf7-form-control wpcf7-checkbox wpcf7-validates-as-required\"><span class=\"wpcf7-list-item first\"><label><input type=\"checkbox\" name=\"checkbox-3[]\" value=\"DA\" \/><span class=\"wpcf7-list-item-label\">DA<\/span><\/label><\/span><span class=\"wpcf7-list-item last\"><label><input type=\"checkbox\" name=\"checkbox-3[]\" value=\"NU\" \/><span class=\"wpcf7-list-item-label\">NU<\/span><\/label><\/span><\/span><\/span>\n<\/p>\n<p><label> 4. \u00cen cazul unei nou contract mai apela\u021bi la societatea noastr\u0103 ?<\/label><br \/>\n<span class=\"wpcf7-form-control-wrap\" data-name=\"checkbox-4\"><span class=\"wpcf7-form-control wpcf7-checkbox wpcf7-validates-as-required\"><span class=\"wpcf7-list-item first\"><label><input type=\"checkbox\" name=\"checkbox-4[]\" value=\"DA\" \/><span class=\"wpcf7-list-item-label\">DA<\/span><\/label><\/span><span class=\"wpcf7-list-item last\"><label><input type=\"checkbox\" name=\"checkbox-4[]\" value=\"NU\" \/><span class=\"wpcf7-list-item-label\">NU<\/span><\/label><\/span><\/span><\/span>\n<\/p>\n<p><label> 5. Sunte\u021bi de acord cu recomandarea noastr\u0103 \u0219i la al\u021bi poten\u021biali clen\u021bi ?<\/label><br \/>\n<span class=\"wpcf7-form-control-wrap\" data-name=\"checkbox-5\"><span class=\"wpcf7-form-control wpcf7-checkbox wpcf7-validates-as-required\"><span class=\"wpcf7-list-item first\"><label><input type=\"checkbox\" name=\"checkbox-5[]\" value=\"DA\" \/><span class=\"wpcf7-list-item-label\">DA<\/span><\/label><\/span><span class=\"wpcf7-list-item last\"><label><input type=\"checkbox\" name=\"checkbox-5[]\" value=\"NU\" \/><span class=\"wpcf7-list-item-label\">NU<\/span><\/label><\/span><\/span><\/span>\n<\/p>\n<p><label> 6. Cum pute\u021bi aprecia societatea noastr\u0103 ?<\/label><br \/>\n<span class=\"wpcf7-form-control-wrap\" data-name=\"checkbox-6\"><span class=\"wpcf7-form-control wpcf7-checkbox wpcf7-validates-as-required\"><span class=\"wpcf7-list-item first\"><label><input type=\"checkbox\" name=\"checkbox-6[]\" value=\"Foarte Bine\" \/><span class=\"wpcf7-list-item-label\">Foarte Bine<\/span><\/label><\/span><span class=\"wpcf7-list-item\"><label><input type=\"checkbox\" name=\"checkbox-6[]\" value=\"Bine\" \/><span class=\"wpcf7-list-item-label\">Bine<\/span><\/label><\/span><span class=\"wpcf7-list-item\"><label><input type=\"checkbox\" name=\"checkbox-6[]\" value=\"Satisf\u0103c\u0103tor\" \/><span class=\"wpcf7-list-item-label\">Satisf\u0103c\u0103tor<\/span><\/label><\/span><span class=\"wpcf7-list-item last\"><label><input type=\"checkbox\" name=\"checkbox-6[]\" value=\"Nesatisf\u0103c\u0103tor\" \/><span class=\"wpcf7-list-item-label\">Nesatisf\u0103c\u0103tor<\/span><\/label><\/span><\/span><\/span>\n<\/p>\n<p><label> Mul\u021bumim pentru timpul acordat. P\u0103rerea dumneavoastr\u0103 conteaz\u0103 pentru noi! <\/label>\n<\/p>\n<p><input class=\"wpcf7-form-control wpcf7-submit has-spinner\" type=\"submit\" value=\"Trimite\" \/>\n<\/p><div class=\"wpcf7-response-output\" aria-hidden=\"true\"><\/div>\n<\/form>\n<\/div>\n\n","protected":false},"excerpt":{"rendered":"","protected":false},"author":1,"featured_media":0,"parent":0,"menu_order":0,"comment_status":"closed","ping_status":"closed","template":"","meta":{"footnotes":""},"class_list":["post-588","page","type-page","status-publish","hentry"],"_links":{"self":[{"href":"https:\/\/www.neicut.com\/index.php\/wp-json\/wp\/v2\/pages\/588","targetHints":{"allow":["GET"]}}],"collection":[{"href":"https:\/\/www.neicut.com\/index.php\/wp-json\/wp\/v2\/pages"}],"about":[{"href":"https:\/\/www.neicut.com\/index.php\/wp-json\/wp\/v2\/types\/page"}],"author":[{"embeddable":true,"href":"https:\/\/www.neicut.com\/index.php\/wp-json\/wp\/v2\/users\/1"}],"replies":[{"embeddable":true,"href":"https:\/\/www.neicut.com\/index.php\/wp-json\/wp\/v2\/comments?post=588"}],"version-history":[{"count":1,"href":"https:\/\/www.neicut.com\/index.php\/wp-json\/wp\/v2\/pages\/588\/revisions"}],"predecessor-version":[{"id":589,"href":"https:\/\/www.neicut.com\/index.php\/wp-json\/wp\/v2\/pages\/588\/revisions\/589"}],"wp:attachment":[{"href":"https:\/\/www.neicut.com\/index.php\/wp-json\/wp\/v2\/media?parent=588"}],"curies":[{"name":"wp","href":"https:\/\/api.w.org\/{rel}","templated":true}]}}